at is h(-5)?
11
Let t(y) = -y**3 - 7*y**2 - 3*y + 5. Calculate t(-7).
26
Let g(a) = -a**2 - 44*a + 3. Determine g(-44).
3
Let j(c) = 16*c**2 - 125*c - 8. Determine j(8).
16
Let q(m) = m**2 + 16*m - 62. Give q(-19).
-5
Let k(n) = 11*n + 27. Calculate k(6).
93
Let j(h) = -2*h**3 + 2*h**2 + 2*h. Give j(3).
-30
Let d(p) = -p**2 + 4*p + 4. Determine d(5).
-1
Let i(u) = 67*u**2 - 2*u. What is i(1)?
65
Let b(p) = 22*p + 730. Give b(-33).
4
Let j(u) = -2*u**2 - 17*u + 5. What is j(-11)?
-50
Let w(l) = l**2 + 7*l + 2. Determine w(-7).
2
Let r(n) = 61*n**3 + n**2 - n. Calculate r(-1).
-59
Let n(h) = 2*h**3 + 2*h**2 + 2*h - 1. What is n(-2)?
-13
Let r(x) = x**3 + 3*x**2 - 4*x - 6. Give r(-5).
-36
Let b(x) = -x**2 + 3*x - 6. Calculate b(0).
-6
Let c(h) = 2*h - 4. Determine c(5).
6
Let j(q) = 9*q - 9. Determine j(-12).
-117
Let z(r) = -r**2 - 7*r - 1. Determine z(-2).
9
Let r(h) = -11*h + 11. Calculate r(-4).
55
Let o(s) = 12*s + 123. Determine o(-7).
39
Let j(z) = 10*z + 1. What is j(-1)?
-9
Let v(o) = -2*o - 1. Determine v(-5).
9
Let s(x) = -x**3 - 19*x**2 + 18*x - 45. What is s(-20)?
-5
Let m(q) = -6*q**2 - 227*q + 34. Determine m(-38).
-4
Let m(p) = p**2 - 105*p - 428. Determine m(-4).
8
Let f(t) = 4*t**2 - 6*t + 2. Calculate f(2).
6
Let q(u) = -u**2 + 2*u - 12. Give q(4).
-20
Let z(m) = m**3 + 23*m**2 - 330*m + 5. Calculate z(-33).
5
Let z(q) = -2*q**3 + 17*q**2 + 11*q - 20. Give z(9).
-2
Let h(m) = -2*m**3 + 32*m**2 + 3*m - 54. Give h(16).
-6
Let w(n) = -n**3 - 29*n**2 - 99*n + 19. What is w(-25)?
-6
Let c(o) = -3*o**3 - o**2. Determine c(-1).
2
Let w(p) = 11*p**2 - 13*p + 11. Determine w(5).
221
Let t(a) = a + 24. Give t(12).
36
Let r(m) = m**3 - 5*m**2 - 8*m + 13. Give r(6).
1
Let z(f) = -29*f + 177. What is z(6)?
3
Let p(z) = -2*z**2 + 20*z + 186. Calculate p(16).
-6
Let z(l) = l**2 + 7*l + 11. Calculate z(-3).
-1
Let a(y) = 2*y - 84. What is a(43)?
2
Let i(q) = -9*q**2. What is i(1)?
-9
Let y(t) = 3*t**2 + 23*t + 56. Calculate y(-5).
16
Let h(j) = j**2 - j - 104. Determine h(-9).
-14
Let o(i) = -i**2 + 7*i + 42. What is o(10)?
12
Let b(i) = i**3 + 7*i**2 + 4*i + 3. What is b(-6)?
15
Let s(p) = p**2 + 13*p + 6. Calculate s(-13).
6
Let o(t) = -6*t**2 + 15*t - 10. Calculate o(2).
-4
Let z(j) = j**2 + 11*j + 18. Determine z(-15).
78
Let u(g) = -g**2 + 4*g + 2. Give u(5).
-3
Let a(h) = h**3 - 11*h**2 + 9*h - 12. Give a(10).
-22
Let d(h) = 7*h**2 - 6*h + 5. What is d(1)?
6
Let x(q) = -q**3 - 12*q**2 - 8*q + 17. Determine x(-11).
-16
Let b(l) = -3*l**2 + 11*l - 19. Determine b(7).
-89
Let l(r) = 20*r + 463. Give l(-23).
3
Let f(s) = s - 18. Calculate f(21).
3
Let f(d) = -8*d - 243. Give f(-29).
-11
Let v(w) = w + 9. Determine v(-19).
-10
Let n(v) = -v - 48. Determine n(0).
-48
Let n(b) = b - 5. Determine n(10).
5
Let x(y) = 2*y + 59. Calculate x(-18).
23
Let p(v) = v**2 + 18*v - 2. Determine p(-16).
-34
Let n(w) = -w**2 + 31*w + 33. Give n(32).
1
Let d(m) = -m**2 - 34*m - 264. Calculate d(-12).
0
Let u(s) = 3*s**2 + 20*s. What is u(-7)?
7
Let g(l) = 2*l**2 - 3*l. Determine g(4).
20
Let h(p) = p**2 - 7*p - 2. What is h(7)?
-2
Let t(i) = i + 2. What is t(5)?
7
Let l(y) = -y**3 + 6*y**2 + 2*y - 5. Give l(5).
30
Let s(k) = 30*k + 307. Give s(-10).
7
Let k(b) = b**2 + b. Give k(-4).
12
Let y(k) = -k**3 - 25*k**2 - k - 31. What is y(-25)?
-6
Let r(f) = 5*f**3 - f. What is r(-1)?
-4
Let i(v) = v**2 + 15*v + 12. Determine i(-10).
-38
Let u(g) = 2*g**2 + 26*g - 43. Determine u(-14).
-15
Let k(m) = -m**3 - 10*m**2 + 7*m + 66. Determine k(-10).
-4
Let y(s) = -31*s + 413. Determine y(13).
10
Let i(h) = 3*h**2 - 3*h + 3. Calculate i(2).
9
Let s(f) = 9*f - 118. What is s(14)?
8
Let a(l) = -l**3 + 8*l**2 + 4*l + 4. Determine a(8).
36
Let l(w) = 6*w + 50. Give l(-8).
2
Let d(w) = 3*w**2 + 19*w + 10. What is d(-7)?
24
Let l(m) = m**3 + 4*m**2 + 3*m + 3. Calculate l(-5).
-37
Let r(y) = 3*y + 19. Give r(-3).
10
Let g(p) = -8*p + 43. Determine g(5).
3
Let p(f) = f + 5. Determine p(-9).
-4
Let v(g) = -228*g + 917. Determine v(4).
5
Let q(a) = a**3 + 3*a**2 + a + 5. Give q(-4).
-15
Let t(q) = q**3 + 5*q**2 + 3*q + 3. Determine t(-5).
-12
Let s(g) = g**2 + g + 2. Determine s(-2).
4
Let p(b) = -b**2 + 2*b + 13. Give p(0).
13
Let c(k) = -50*k + 93. Calculate c(2).
-7
Let t(k) = k**2 + 9*k - 3. Determine t(-9).
-3
Let m(a) = a + 18. Calculate m(-15).
3
Let f(l) = -l + 3. Give f(-7).
10
Let q(z) = -10*z + 64. Calculate q(5).
14
Let p(t) = t**2 - 5*t - 6. Determine p(9).
30
Let b(o) = -o**3 + 10*o**2 - 13*o + 25. Give b(8).
49
Let w(o) = -5*o - 65. Calculate w(-14).
5
Let h(g) = -4*g - 24. Give h(-10).
16
Let g(v) = v**2 - 9*v + 7. Calculate g(8).
-1
Let m(s) = -4*s**2 - 37*s - 10. Calculate m(-9).
-1
Let n(t) = -16*t + 30. Determine n(2).
-2
Let j(b) = -b**2 - 12*b - 3. What is j(-11)?
8
Let p(z) = z + 1. What is p(-8)?
-7
Let z(m) = -m**3 + 4*m**2 + 13*m + 11. Calculate z(6).
17
Let n(z) = z + 2. Calculate n(-9).
-7
Let m(d) = -11*d + 13. Give m(2).
-9
Let g(m) = -m**3 + 9*m**2 - 2*m + 62. Calculate g(9).
44
Let r(v) = -v**3 + 4*v**2 + 24*v - 20. Determine r(7).
1
Let d(z) = -12*z + 231. What is d(19)?
3
Let g(w) = w - 7. Calculate g(6).
-1
Let y(j) = -j**3 + 4*j - 1. Determine y(-3).
14
Let v(t) = 3*t + 2. Determine v(3).
11
Let k(d) = -2*d - 2. Give k(-4).
6
Let x(w) = w**2 - 20*w - 423. Determine x(-13).
6
Let c(h) = -h + 17. Determine c(6).
11
Let j(x) = -x**2 + x + 17. Give j(0).
17
Let w(b) = b**2 - 24*b - 16. Determine w(24).
-16
Let q(i) = i**3 - 22*i**2 + 42*i - 46. Calculate q(20).
-6
Let n(o) = o + 4. Give n(-13).
-9
Let a(i) = 2*i**3 + 2*i**2 - 22*i - 5. Give a(-4).
-13
Let t(p) = 2*p**3 - 18*p**2 + 15*p + 14. What is t(8)?
6
Let j(v) = -5*v - 25. Give j(-2).
-15
Let z(r) = 3*r**3 - 32*r**2 - 13*r + 14. Give z(11).
-8
Let m(j) = -115*j + 336. Give m(3).
-9
Let q(a) = 3*a**2 - 3*a + 6. Determine q(4).
42
Let k(h) = -h**3 + 23*h - 19. Determine k(0).
-19
Let c(v) = 18*v - 12. Determine c(-4).
-84
Let i(u) = 7*u**2 + 7*u. Give i(2).
42
Let q(n) = n**3 - 3*n**2 + n + 5. Give q(3).
8
Let a(y) = -4*y**3 - 6*y**2 - 6*y - 1. Determine a(-3).
71
Let y(r) = -2*r + 19. Determine y(9).
1
Let r(x) = -x**3 + 8*x**2 - 7*x. Give r(6).
30
Let m(s) = -13*s - 15. Give m(-7).
76
Let j(r) = -19*r - 870. Calculate j(-46).
4
Let q(v) = -v**3 + 4*v**2 + 23*v - 8. Determine q(7).
6
Let r(s) = -s**3 - s**2 + 6*s + 13. What is r(-3)?
13
Let k(g) = g**2 - 15*g + 59. What is k(10)?
9
Let q(g) = g**2 - 9*g + 29. What is q(12)?
65
Let f(d) = -5*d**2 + 6*d + 6. What is f(3)?
-21
Let h(l) = -l**3 + 20*l**2 + 24*l - 59. Give h(21).
4
Let b(h) = -h**3 - 6*h**2 + 15. Give b(-5).
-10
Let p(i) = i**3 - 12*i**2. Determine p(12).
0
Let m(k) = -k - 3. Give m(-3).
0
Let h(u) = u + 13. Calculate h(-8).
5
Let j(p) = -2*p - 4. What is j(-5)?
6
Let f(t) = 30*t**2 + t + 1. Calculate f(-1).
30
Let z(l) = 8*l. Calculate z(-1).
-8
Let l(o) = -o**3 + 13*o**2 + o - 19. Calculate l(13).
-6
Let p(x) = x**2 + 17*x - 57. Determine p(-20).
3
Let w(a) = -4*a**3 - 2*a**2 + 2*a - 23. Give w(0).
-23
Let z(x) = 34*x + 20. Determine z(-1).
-14
Let c(z) = -z**3 - 22*z**2 - z - 21. Determine c(-22).
1
Let o(n) = -n**2 + 9. Calculate o(-8).
-55
Let p(t) = t + 22. What is p(-25)?
-3
Let q(b) = -b**2 - 10*b - 7. What is q(-11)?
-18
Let n(q) = -4*q**2 - 3*q + 2. What is n(-3)?
-25
Let l(w) = 12*w**3 + 3*w**2 + 10*w + 6. Give l(-1).
-13
Let t(w) = w**2 + 3*w - 1. Determine t(-4).
3
Let n(w) = -4*w**2 - 12*w + 2. Give n(-3).
2
Let z(u) = -6*u**3 + u**2 - 3*u + 2. Calculate z(1).
-6
Let f(x) = -x**3 - 11*x**2 + 16*x + 45. Calculate f(-12).
-3
Let u(q) = -2*q**3 + 4*q**2 - 5*q + 6. Determine u(2).
-4
Let m(o) = o**2 + 13*o - 22. Determine m(-12).
-34
Let l(z) = z**2 - 4. Determine l(3).
5
Let l(o) = 24*o - 129. What is l(5)?
-9
Let p(u) = -7*u**3 + u**2 - 3*u + 2. Determine p(1).
-7
Let z(c) = 8*c + 28. Give z(-12).
-68
Let a(t) = t**3 - 3*t + 8. Give a(-3).
-10
Let n(j) = -2*j**3 + 49*j**2 - 25*j + 58. Give n(24).
34
Let h(y) = y - 15. Give h(17).
2
Let f(j) = j**2 - 3*j - 2. Calculate f(-2).
8
Let v(w) = -2*w - 17. Determine v(-7).
-3
Let p(g) = -2*g**2 + g - 1. Calculate p(-2).
-11
Let i(r) = -16*r**3 + r. Calculate i(-1).
15
Let n(i) = -18*i - 83. Calculate n(-5).
7
Let h(c) = -c**2 - 8*c + 8. Determine h(-8).
8
Let j(z) = -z**2 